{"id":1413,"date":"2022-04-12T15:58:04","date_gmt":"2022-04-12T13:58:04","guid":{"rendered":"http:\/\/festimalles.fr\/?page_id=1413"},"modified":"2024-06-06T12:21:34","modified_gmt":"2024-06-06T10:21:34","slug":"conference-2022","status":"publish","type":"page","link":"https:\/\/festimalles.fr\/index.php\/conference-2022\/","title":{"rendered":"Conf\u00e9rence"},"content":{"rendered":"<h4><strong>Vendredi 4 octobre 2024 &#8211; 10h \u00e0 12h15<\/strong><\/h4>\n<p><strong>Que peut la litt\u00e9rature sans ses m\u00e9diations ?<\/strong> Par <a href=\"https:\/\/www.audencia.com\/faculte-recherche\/corps-professoral\/cv-saurier\" target=\"_blank\" rel=\"noopener\">Delphine Saurier<\/a> (enseignante \u00e0 la facult\u00e9 Audencia, D\u00e9partement communication, culture et langue)<strong><br \/>\n<\/strong><\/p>\n<p><img loading=\"lazy\" decoding=\"async\" class=\" wp-image-2094 alignright\" src=\"http:\/\/festimalles.fr\/wp-content\/uploads\/2024\/06\/DelphineSaurier-300x200.jpg\" alt=\"\" width=\"254\" height=\"169\" srcset=\"https:\/\/festimalles.fr\/wp-content\/uploads\/2024\/06\/DelphineSaurier-300x200.jpg 300w, https:\/\/festimalles.fr\/wp-content\/uploads\/2024\/06\/DelphineSaurier-768x512.jpg 768w, https:\/\/festimalles.fr\/wp-content\/uploads\/2024\/06\/DelphineSaurier.jpg 800w\" sizes=\"auto, (max-width: 254px) 100vw, 254px\" \/>On entend parfois les experts et les amoureux de la litt\u00e9rature se demander ce que fait ou ce que peut la litt\u00e9rature. Si ce type de questionnement semble ainsi investir la litt\u00e9rature d\u2019un pouvoir d\u2019agir, il ne fait pas apparaitre le r\u00f4le central des m\u00e9diations litt\u00e9raires, qu\u2019elles soient livresques, hors du livre ou m\u00eal\u00e9es \u00e0 d\u2019autres formes artistiques. C\u2019est pourquoi cette conf\u00e9rence revient sur les m\u00e9diations litt\u00e9raires qui contribuent \u00e0 fa\u00e7onner la place, les formes, le pouvoir et la port\u00e9e de la lecture et de la litt\u00e9rature dans la soci\u00e9t\u00e9.<\/p>\n","protected":false},"excerpt":{"rendered":"<p>Vendredi 4 octobre 2024 &#8211; 10h \u00e0 12h15 Que peut la litt\u00e9rature sans ses m\u00e9diations ? Par Delphine Saurier (enseignante \u00e0 la facult\u00e9 Audencia, D\u00e9partement communication, culture et langue) On entend parfois les experts et les amoureux de la litt\u00e9rature se demander ce que fait ou ce que peut la litt\u00e9rature. Si ce type de&hellip;<\/p>\n","protected":false},"author":1,"featured_media":0,"parent":0,"menu_order":0,"comment_status":"closed","ping_status":"closed","template":"","meta":{"ngg_post_thumbnail":0,"footnotes":""},"class_list":["post-1413","page","type-page","status-publish","hentry"],"_links":{"self":[{"href":"https:\/\/festimalles.fr\/index.php\/wp-json\/wp\/v2\/pages\/1413","targetHints":{"allow":["GET"]}}],"collection":[{"href":"https:\/\/festimalles.fr\/index.php\/wp-json\/wp\/v2\/pages"}],"about":[{"href":"https:\/\/festimalles.fr\/index.php\/wp-json\/wp\/v2\/types\/page"}],"author":[{"embeddable":true,"href":"https:\/\/festimalles.fr\/index.php\/wp-json\/wp\/v2\/users\/1"}],"replies":[{"embeddable":true,"href":"https:\/\/festimalles.fr\/index.php\/wp-json\/wp\/v2\/comments?post=1413"}],"version-history":[{"count":10,"href":"https:\/\/festimalles.fr\/index.php\/wp-json\/wp\/v2\/pages\/1413\/revisions"}],"predecessor-version":[{"id":2096,"href":"https:\/\/festimalles.fr\/index.php\/wp-json\/wp\/v2\/pages\/1413\/revisions\/2096"}],"wp:attachment":[{"href":"https:\/\/festimalles.fr\/index.php\/wp-json\/wp\/v2\/media?parent=1413"}],"curies":[{"name":"wp","href":"https:\/\/api.w.org\/{rel}","templated":true}]}}