{"id":33,"date":"2020-03-12T16:25:48","date_gmt":"2020-03-12T15:25:48","guid":{"rendered":"http:\/\/festimalles.fr\/?page_id=33"},"modified":"2025-01-14T14:51:52","modified_gmt":"2025-01-14T13:51:52","slug":"inscriptions","status":"publish","type":"page","link":"https:\/\/festimalles.fr\/index.php\/inscriptions\/","title":{"rendered":"Inscriptions"},"content":{"rendered":"\r\n<p>\r\n\r\n<\/p>\r\n<p>\r\n\r\n<\/p>\r\n<p>\u27a4 Les inscriptions ouvrent <strong>en mai 2026 <\/strong>et se cl\u00f4turent en septembre. Le jour J, des places peuvent se lib\u00e9rer suite \u00e0 des d\u00e9sistements. La r\u00e9servation de repas sera aussi possible sur place (dans la limite des stocks disponibles).<\/p>\r\n\r\n\r\n\r\n\r\n\r\n\r\n\r\n\r\n\r\n\r\n\r\n<p>Les inscriptions sont individuelles, pour des groupes, merci de nous contacter.<\/p>\r\n\r\n\r\n\r\n<p><strong>Attention :<\/strong> Ces inscriptions ne concernent pas l&rsquo;inscription aux ateliers d&rsquo;\u00e9ducation artistique et culturelle dans les \u00e9coles et aux ateliers petite enfance. Si c&rsquo;est le cas, nous vous invitons \u00e0 contacter Jasmine Hiltscher : <a href=\"mailto:jhiltscher@turmeliere.org\">jhiltscher@turmeliere.org<\/a><\/p>\r\n\r\n\r\n\r\n<p class=\"has-vivid-red-color has-text-color\"><strong>INFO<\/strong> : Les places pour les ateliers sont limit\u00e9es !<\/p>\r\n<p>&nbsp;<\/p>\r\n<p>Pour cette nouvelle \u00e9dition, les inscriptions\/r\u00e8glements se font via HelloAsso. Pour faciliter votre inscription, nous vous conseillons fortement de consulter le <a href=\"http:\/\/festimalles.fr\/wp-content\/uploads\/2024\/04\/TUTO-HelloAsso.pdf\" target=\"_blank\" rel=\"noopener\">tutoriel<\/a> (\u00e0 t\u00e9l\u00e9charger).<\/p>\r\n<p><strong>Merci de ne choisir qu&rsquo;un seul atelier par jour<\/strong> (il n&rsquo;y a pas de liste d&rsquo;attente).<\/p>\r\n<p>&nbsp;<\/p>\r\n<hr>\r\n<h2 class=\"has-text-align-center has-vivid-cyan-blue-color has-text-color wp-block-heading\" style=\"text-align: left;\"><strong>Conditions g\u00e9n\u00e9rales d&rsquo;inscription<\/strong><\/h2>\r\n\r\n\r\n\r\n\r\n\r\n<p>Les inscriptions au festival se font via un formulaire HelloAsso. Le mail de validation de votre inscription fera office de confirmation.<\/p>\r\n<p>Les ateliers, forum et conf\u00e9rence sont gratuits. Pour b\u00e9n\u00e9ficier de la gratuit\u00e9 au spectacle du jeudi soir, vous devez \u00eatre inscrit \u00e0 au moins un atelier.<\/p>\r\n<p><strong>PAIEMENT :<\/strong> Les repas et l&rsquo;h\u00e9bergement sont \u00e0 r\u00e9gler lors de votre inscription.<\/p>\r\n<p><strong>REMBOURSEMENTS :<\/strong> Toute annulation r\u00e9alis\u00e9e moins de 10 jours avant la manifestation ne sera pas rembours\u00e9e (si h\u00e9bergement et\/ou restauration). Toutefois, en cas d&rsquo;annulation du festival, les paiements seront rembours\u00e9s sans condition.<\/p>\r\n<p><strong>H\u00c9BERGEMENT :<\/strong> Les draps et le linge de toilette sont fournis. Petit d\u00e9jeuner inclus.<\/p>\r\n\r\n\r\n\r\n\r\n\r\n\r\n\r\n\r\n\r\n\r\n\r\n<h2 class=\"has-vivid-cyan-blue-color has-text-color wp-block-heading\" style=\"text-align: left;\"><strong>Tarifs (\u00e9dition 2024)<\/strong><em><br><\/em><\/h2>\r\n\r\n\r\n\r\n<p class=\"has-normal-font-size\">Les prix sont repr\u00e9cis\u00e9s dans le formulaire d&rsquo;inscription.<\/p>\r\n\r\n\r\n\r\n<figure class=\"wp-block-table is-style-stripes\">\r\n<table>\r\n<tbody>\r\n<tr>\r\n<td>Repas<\/td>\r\n<td>Mercredi<\/td>\r\n<td class=\"has-text-align-left\" data-align=\"left\">Jeudi<\/td>\r\n<td>Vendredi<\/td>\r\n<\/tr>\r\n<tr>\r\n<td>Midi<\/td>\r\n<td>D\u00e9jeuner &#8211; 15 \u20ac<\/td>\r\n<td class=\"has-text-align-left\" data-align=\"left\">D\u00e9jeuner &#8211; 15 \u20ac<\/td>\r\n<td>D\u00e9jeuner &#8211; 15 \u20ac<\/td>\r\n<\/tr>\r\n<tr>\r\n<td>Soir<\/td>\r\n<td>Panier repas &#8211; 11 \u20ac<\/td>\r\n<td class=\"has-text-align-left\" data-align=\"left\">Cocktail d&rsquo;inauguration &#8211; gratuit<\/td>\r\n<td>Aucun<\/td>\r\n<\/tr>\r\n<\/tbody>\r\n<\/table>\r\n<\/figure>\r\n\r\n\r\n<hr class=\"wp-block-separator has-text-color has-background has-vivid-cyan-blue-background-color has-vivid-cyan-blue-color\">\r\n\r\n\r\n<figure class=\"wp-block-table is-style-stripes\">\r\n<table>\r\n<tbody>\r\n<tr>\r\n<td>H\u00e9bergement+petit d\u00e9jeuner<\/td>\r\n<td>Chambre collective<\/td>\r\n<td>Chambre double<\/td>\r\n<td>Chambre individuelle<\/td>\r\n<\/tr>\r\n<tr>\r\n<td>Prix par personne<\/td>\r\n<td>35 \u20ac<\/td>\r\n<td>47 \u20ac<\/td>\r\n<td>58 \u20ac<\/td>\r\n<\/tr>\r\n<\/tbody>\r\n<\/table>\r\n<\/figure>\r\n\r\n\r\n\r\n\r\n","protected":false},"excerpt":{"rendered":"<p>\u27a4 Les inscriptions ouvrent en mai 2026 et se cl\u00f4turent en septembre. Le jour J, des places peuvent se lib\u00e9rer suite \u00e0 des d\u00e9sistements. La r\u00e9servation de repas sera aussi possible sur place (dans la limite des stocks disponibles). Les inscriptions sont individuelles, pour des groupes, merci de nous contacter. Attention : Ces inscriptions ne&hellip;<\/p>\n","protected":false},"author":1,"featured_media":0,"parent":0,"menu_order":0,"comment_status":"closed","ping_status":"closed","template":"","meta":{"ngg_post_thumbnail":0,"footnotes":""},"class_list":["post-33","page","type-page","status-publish","hentry"],"_links":{"self":[{"href":"https:\/\/festimalles.fr\/index.php\/wp-json\/wp\/v2\/pages\/33","targetHints":{"allow":["GET"]}}],"collection":[{"href":"https:\/\/festimalles.fr\/index.php\/wp-json\/wp\/v2\/pages"}],"about":[{"href":"https:\/\/festimalles.fr\/index.php\/wp-json\/wp\/v2\/types\/page"}],"author":[{"embeddable":true,"href":"https:\/\/festimalles.fr\/index.php\/wp-json\/wp\/v2\/users\/1"}],"replies":[{"embeddable":true,"href":"https:\/\/festimalles.fr\/index.php\/wp-json\/wp\/v2\/comments?post=33"}],"version-history":[{"count":98,"href":"https:\/\/festimalles.fr\/index.php\/wp-json\/wp\/v2\/pages\/33\/revisions"}],"predecessor-version":[{"id":2173,"href":"https:\/\/festimalles.fr\/index.php\/wp-json\/wp\/v2\/pages\/33\/revisions\/2173"}],"wp:attachment":[{"href":"https:\/\/festimalles.fr\/index.php\/wp-json\/wp\/v2\/media?parent=33"}],"curies":[{"name":"wp","href":"https:\/\/api.w.org\/{rel}","templated":true}]}}